{"id":425,"date":"2020-10-05T17:00:36","date_gmt":"2020-10-05T15:00:36","guid":{"rendered":"https:\/\/be365.fr\/index.php\/a-propos\/"},"modified":"2021-10-01T09:43:14","modified_gmt":"2021-10-01T07:43:14","slug":"pourquoi-be365","status":"publish","type":"page","link":"https:\/\/be365.fr\/index.php\/pourquoi-be365\/","title":{"rendered":"Pourquoi Be 365 ?"},"content":{"rendered":"<div data-colibri-id=\"425-c1\" class=\"style-399 style-local-425-c1 position-relative\">\n  <!---->\n  <div data-colibri-component=\"section\" data-colibri-id=\"425-c2\" id=\"overlappable\" class=\"h-section h-section-global-spacing d-flex align-items-lg-center align-items-md-center align-items-center style-603 style-local-425-c2 position-relative\">\n    <!---->\n    <!---->\n    <div class=\"h-section-grid-container h-section-boxed-container\">\n      <!---->\n      <div data-colibri-id=\"425-c3\" class=\"h-row-container gutters-row-lg-2 gutters-row-md-2 gutters-row-0 gutters-row-v-lg-2 gutters-row-v-md-2 gutters-row-v-2 style-635 style-local-425-c3 position-relative\">\n        <!---->\n        <div class=\"h-row justify-content-lg-center justify-content-md-center justify-content-center align-items-lg-stretch align-items-md-stretch align-items-stretch gutters-col-lg-2 gutters-col-md-2 gutters-col-0 gutters-col-v-lg-2 gutters-col-v-md-2 gutters-col-v-2\">\n          <!---->\n          <div class=\"h-column h-column-container d-flex h-col-lg-auto h-col-md-auto h-col-auto style-636-outer style-local-425-c4-outer\">\n            <div data-colibri-id=\"425-c4\" class=\"d-flex h-flex-basis h-column__inner h-px-lg-2 h-px-md-2 h-px-2 v-inner-lg-2 v-inner-md-2 v-inner-2 style-636 style-local-425-c4 position-relative\">\n              <!---->\n              <!---->\n              <div class=\"w-100 h-y-container h-column__content h-column__v-align flex-basis-100 align-self-lg-start align-self-md-start align-self-start\">\n                <!---->\n                <div data-colibri-id=\"425-c5\" class=\"h-lead h-text h-text-component style-637 style-local-425-c5 position-relative h-element\">\n                  <!---->\n                  <!---->\n                  <div class=\"\">\n                    <p>Et pourquoi pas&#8230;<\/p>\n                  <\/div>\n                <\/div>\n              <\/div>\n            <\/div>\n          <\/div>\n        <\/div>\n      <\/div>\n      <div data-colibri-id=\"425-c6\" class=\"h-row-container gutters-row-lg-2 gutters-row-md-2 gutters-row-2 gutters-row-v-lg-2 gutters-row-v-md-2 gutters-row-v-2 style-604 style-local-425-c6 position-relative\">\n        <!---->\n        <div class=\"h-row justify-content-lg-center justify-content-md-center justify-content-center align-items-lg-stretch align-items-md-stretch align-items-stretch gutters-col-lg-2 gutters-col-md-2 gutters-col-2 gutters-col-v-lg-2 gutters-col-v-md-2 gutters-col-v-2\">\n          <!---->\n          <div data-aos=\"fadeInLeft\" class=\"h-column h-column-container d-flex h-col-lg-auto h-col-md-auto h-col-auto style-605-outer style-local-425-c7-outer\">\n            <div data-colibri-id=\"425-c7\" class=\"d-flex h-flex-basis h-column__inner h-px-lg-2 h-px-md-2 h-px-2 v-inner-lg-2 v-inner-md-2 v-inner-2 style-605 style-local-425-c7 position-relative\">\n              <!---->\n              <!---->\n              <div class=\"w-100 h-y-container h-column__content h-column__v-align flex-basis-100 align-self-lg-center align-self-md-center align-self-center\">\n                <!---->\n                <div data-colibri-id=\"425-c8\" class=\"h-global-transition-all h-heading style-606 style-local-425-c8 position-relative h-element\">\n                  <!---->\n                  <div class=\"h-heading__outer style-606 style-local-425-c8\">\n                    <!---->\n                    <!---->\n                    <h4 class=\"\">Un accompagnement de qualit\u00e9<\/h4>\n                  <\/div>\n                <\/div>\n                <div data-colibri-id=\"425-c9\" class=\"d-block style-616 style-local-425-c9 position-relative h-element\">\n                  <!---->\n                  <div class=\"h-image__frame-container-outer\">\n                    <div class=\"h-image__frame-container\">\n                      <!---->\n                      <!---->\n                      <img data-recalc-dims=\"1\" loading=\"lazy\" decoding=\"async\" width=\"1354\" height=\"438\" src=\"https:\/\/i0.wp.com\/be365.fr\/wp-content\/uploads\/2021\/05\/cropped-logo-Microsoft-Silver.png?resize=1354%2C438&#038;ssl=1\" class=\"wp-image-699 style-616-image style-local-425-c9-image\" alt=\"\" srcset=\"https:\/\/i0.wp.com\/be365.fr\/wp-content\/uploads\/2021\/05\/cropped-logo-Microsoft-Silver.png?w=1354&amp;ssl=1 1354w, https:\/\/i0.wp.com\/be365.fr\/wp-content\/uploads\/2021\/05\/cropped-logo-Microsoft-Silver.png?resize=300%2C97&amp;ssl=1 300w, https:\/\/i0.wp.com\/be365.fr\/wp-content\/uploads\/2021\/05\/cropped-logo-Microsoft-Silver.png?resize=1024%2C331&amp;ssl=1 1024w, https:\/\/i0.wp.com\/be365.fr\/wp-content\/uploads\/2021\/05\/cropped-logo-Microsoft-Silver.png?resize=768%2C248&amp;ssl=1 768w\" sizes=\"auto, (max-width: 1000px) 100vw, 1000px\" \/>\n                      <div class=\"h-image__frame h-hide-lg h-hide-md h-hide-sm style-616-frameImage style-local-425-c9-frameImage\"><\/div>\n                    <\/div>\n                  <\/div>\n                <\/div>\n                <div data-colibri-id=\"425-c10\" class=\"h-x-container style-608 style-local-425-c10 position-relative h-element\">\n                  <!---->\n                  <div class=\"h-x-container-inner style-dynamic-425-c10-group style-608-spacing style-local-425-c10-spacing\"><span class=\"h-button__outer style-395-outer style-local-425-c11-outer d-inline-flex h-element\"><a h-use-smooth-scroll=\"true\" href=\"https:\/\/be365.fr\/index.php\/telephonie-teams\/\"  data-colibri-id=\"425-c11\" class=\"d-flex w-100 align-items-center h-button justify-content-lg-center justify-content-md-center justify-content-center style-395 style-local-425-c11 position-relative\"><!----><!----> <span>D\u00e9couvrir nos solutions<\/span><\/a>\n                    <\/span>\n                  <\/div>\n                <\/div>\n              <\/div>\n            <\/div>\n          <\/div>\n          <div data-aos=\"fadeInRight\" class=\"h-column h-column-container d-flex h-col-lg-auto h-col-md-auto h-col-auto style-610-outer style-local-425-c12-outer\">\n            <div data-colibri-id=\"425-c12\" class=\"d-flex h-flex-basis h-column__inner h-px-lg-2 h-px-md-2 h-px-2 v-inner-lg-2 v-inner-md-2 v-inner-2 style-610 style-local-425-c12 position-relative\">\n              <!---->\n              <!---->\n              <div class=\"w-100 h-y-container h-column__content h-column__v-align flex-basis-100 align-self-lg-start align-self-md-start align-self-start\">\n                <!---->\n                <div data-colibri-id=\"425-c13\" class=\"h-row-container gutters-row-lg-2 gutters-row-md-2 gutters-row-0 gutters-row-v-lg-2 gutters-row-v-md-2 gutters-row-v-2 style-611 style-local-425-c13 position-relative\">\n                  <!---->\n                  <div class=\"h-row justify-content-lg-center justify-content-md-center justify-content-center align-items-lg-stretch align-items-md-stretch align-items-stretch gutters-col-lg-2 gutters-col-md-2 gutters-col-0 gutters-col-v-lg-2 gutters-col-v-md-2 gutters-col-v-2\">\n                    <!---->\n                    <div class=\"h-column h-column-container d-flex h-col-lg-6 h-col-md-6 h-col-12 style-612-outer style-local-425-c14-outer\">\n                      <div data-colibri-id=\"425-c14\" class=\"d-flex h-flex-basis h-column__inner h-px-lg-0 h-px-md-0 h-px-0 v-inner-lg-0 v-inner-md-0 v-inner-0 style-612 style-local-425-c14 position-relative\">\n                        <!---->\n                        <!---->\n                        <div class=\"w-100 h-y-container h-column__content h-column__v-align flex-basis-100 align-self-lg-start align-self-md-start align-self-start\">\n                          <!---->\n                          <div data-colibri-id=\"425-c15\" class=\"h-icon style-613 style-local-425-c15 position-relative h-element\">\n                            <!---->\n                            <a href=\"https:\/\/be365.fr\/index.php\/espace-client\/\" h-use-smooth-scroll=\"true\"><span class=\"h-svg-icon h-icon__icon style-613-icon style-local-425-c15-icon\"><!--Icon by Icons8 Line Awesome (https:\/\/icons8.com\/line-awesome)--><svg version=\"1.1\" xmlns=\"http:\/\/www.w3.org\/2000\/svg\" xmlns:xlink=\"http:\/\/www.w3.org\/1999\/xlink\" id=\"wrench\" viewBox=\"0 0 512 545.5\"><path d=\"M336 80c21.866 0 42.137 5.632 59 15l18.5 10-15 15-68.5 69 25 25 69-68.5 15-15 10 18.5c9.368 16.863 15 37.134 15 59 0 70.88-57.12 128-128 128-3.752 0-8.846-.592-13.5-1l-137 137c-31.492 31.492-82.008 31.492-113.5 0s-31.492-82.008 0-113.5l137-137c-.408-4.654-1-9.748-1-13.5 0-70.88 57.12-128 128-128zm0 32c-53.92 0-96 42.078-96 96 0 6.4.01 11.535 1 15.5l2.5 8.5-6.5 6.5L94.5 381c-19.535 19.535-19.693 48.303-.5 68l.5.5c19.707 19.707 48.793 19.707 68.5 0L305.5 307l6.5-6.5 8.5 2.5c3.965.99 9.1 1 15.5 1 53.92 0 96-42.08 96-96 0-7.775-3.337-13.572-5-20.5L366.5 248 355 259.5 344 248l-48-48-11.5-11 11.5-11.5 60.5-60.5c-6.928-1.663-12.725-5-20.5-5z\"><\/path><\/svg><\/span><\/a>\n                          <\/div>\n                          <div data-colibri-id=\"425-c16\" class=\"h-global-transition-all h-heading style-614 style-local-425-c16 position-relative h-element\">\n                            <!---->\n                            <div class=\"h-heading__outer style-614 style-local-425-c16\">\n                              <!---->\n                              <!---->\n                              <h5 class=\"\">Support<\/h5>\n                            <\/div>\n                          <\/div>\n                          <div data-colibri-id=\"425-c17\" class=\"h-text h-text-component style-615 style-local-425-c17 position-relative h-element\">\n                            <!---->\n                            <!---->\n                            <div class=\"\">\n                              <p>Un support illimit\u00e9 \u00e0 votre \u00e9coute et disponible du lundi au vendredi de 9h \u00e0 18h sans interruption.<\/p>\n                            <\/div>\n                          <\/div>\n                        <\/div>\n                      <\/div>\n                    <\/div>\n                    <div class=\"h-column h-column-container d-flex h-col-lg-6 h-col-md-6 h-col-12 style-612-outer style-local-425-c18-outer\">\n                      <div data-colibri-id=\"425-c18\" class=\"d-flex h-flex-basis h-column__inner h-px-lg-0 h-px-md-0 h-px-0 v-inner-lg-0 v-inner-md-0 v-inner-0 style-612 style-local-425-c18 position-relative\">\n                        <!---->\n                        <!---->\n                        <div class=\"w-100 h-y-container h-column__content h-column__v-align flex-basis-100 align-self-lg-start align-self-md-start align-self-start\">\n                          <!---->\n                          <div data-colibri-id=\"425-c19\" class=\"h-icon style-613 style-local-425-c19 position-relative h-element\">\n                            <!---->\n                            <a href=\"https:\/\/be365.fr\/index.php\/espace-client\/\" h-use-smooth-scroll=\"true\"><span class=\"h-svg-icon h-icon__icon style-613-icon style-local-425-c19-icon\"><!--Icon by Icons8 Line Awesome (https:\/\/icons8.com\/line-awesome)--><svg version=\"1.1\" xmlns=\"http:\/\/www.w3.org\/2000\/svg\" xmlns:xlink=\"http:\/\/www.w3.org\/1999\/xlink\" id=\"mortar-board\" viewBox=\"0 0 512 545.5\"><path d=\"M256 140.5l5 1.5 200 67 45.5 15-45.5 15-45 15v82c0 13.112-7.988 24.003-17.5 31.5S377.187 380.27 363 385c-28.375 9.458-65.79 15-107 15s-78.625-5.542-107-15c-14.188-4.73-25.988-10.003-35.5-17.5S96 349.112 96 336v-82l-32-10.5v129c9.55 5.537 16 15.666 16 27.5 0 17.673-14.327 32-32 32s-32-14.327-32-32c0-11.834 6.45-21.963 16-27.5v-140L5.5 224 51 209l200-67zm0 33.5l-150 50 150 50 150-50zm-128 91v71c0 .144-.06 2.012 5 6s14.13 9.043 26 13c23.74 7.914 58.673 13 97 13s73.26-5.086 97-13c11.87-3.957 20.94-9.012 26-13s5-5.856 5-6v-71l-123 41-5 1.5-5-1.5z\"><\/path><\/svg><\/span><\/a>\n                          <\/div>\n                          <div data-colibri-id=\"425-c20\" class=\"h-global-transition-all h-heading style-614 style-local-425-c20 position-relative h-element\">\n                            <!---->\n                            <div class=\"h-heading__outer style-614 style-local-425-c20\">\n                              <!---->\n                              <!---->\n                              <h5 class=\"\">Formation<\/h5>\n                            <\/div>\n                          <\/div>\n                          <div data-colibri-id=\"425-c21\" class=\"h-text h-text-component style-615 style-local-425-c21 position-relative h-element\">\n                            <!---->\n                            <!---->\n                            <div class=\"\">\n                              <p>Une plateforme de e-learning disponible 24\/24h et des formateurs inclus afin de d\u00e9velopper et d\u2019approfondir vos comp\u00e9tences<\/p>\n                            <\/div>\n                          <\/div>\n                        <\/div>\n                      <\/div>\n                    <\/div>\n                    <div class=\"h-column h-column-container d-flex h-col-lg-6 h-col-md-6 h-col-12 style-612-outer style-local-425-c22-outer\">\n                      <div data-colibri-id=\"425-c22\" class=\"d-flex h-flex-basis h-column__inner h-px-lg-0 h-px-md-0 h-px-0 v-inner-lg-0 v-inner-md-0 v-inner-0 style-612 style-local-425-c22 position-relative\">\n                        <!---->\n                        <!---->\n                        <div class=\"w-100 h-y-container h-column__content h-column__v-align flex-basis-100 align-self-lg-start align-self-md-start align-self-start\">\n                          <!---->\n                          <div data-colibri-id=\"425-c23\" class=\"h-icon style-613 style-local-425-c23 position-relative h-element\">\n                            <!---->\n                            <a href=\"https:\/\/be365.fr\/index.php\/contact\/\" h-use-smooth-scroll=\"true\"><span class=\"h-svg-icon h-icon__icon style-613-icon style-local-425-c23-icon\"><!--Icon by Font Awesome (https:\/\/fontawesome.com)--><svg version=\"1.1\" xmlns=\"http:\/\/www.w3.org\/2000\/svg\" xmlns:xlink=\"http:\/\/www.w3.org\/1999\/xlink\" id=\"handshake-o\" viewBox=\"0 0 2304 1896.0833\"><path d=\"M192 1152q40 0 56-32t0-64-56-32-56 32 0 64 56 32zm1473-58q-10-13-38.5-50t-41.5-54-38-49-42.5-53-40.5-47-45-49l-125 140q-83 94-208.5 92T880 926q-57-69-56.5-158T882 611l177-206q-22-11-51-16.5t-47.5-6-56.5.5-49 1q-92 0-158 66L539 608H384v544q5 0 21-.5t22 0 19.5 2 20.5 4.5 17.5 8.5T503 1180l297 292q115 111 227 111 78 0 125-47 57 20 112.5-8t72.5-85q74 6 127-44 20-18 36-45.5t14-50.5q10 10 43 10 43 0 77-21t49.5-53 12-71.5-30.5-73.5zm159 58h96V640h-93l-157-180q-66-76-169-76h-167q-89 0-146 67L979 694q-28 33-28 75t27 75q43 51 110 52t111-49l193-218q25-23 53.5-21.5t47 27 8.5 56.5q16 19 56 63t60 68q29 36 82.5 105.5t64.5 84.5q52 66 60 140zm288 0q40 0 56-32t0-64-56-32-56 32 0 64 56 32zm192-576v640q0 26-19 45t-45 19h-434q-27 65-82 106.5t-125 51.5q-33 48-80.5 81.5T1416 1565q-42 53-104.5 81.5T1183 1671q-60 34-126 39.5t-127.5-14-117-53.5-103.5-81l-287-282H64q-26 0-45-19t-19-45V544q0-26 19-45t45-19h421q14-14 47-48t47.5-48 44-40 50.5-37.5 51-25.5 62-19.5 68-5.5h117q99 0 181 56 82-56 181-56h167q35 0 67 6t56.5 14.5T1676 303t44.5 31 43 39.5 39 42 41 48T1885 512h355q26 0 45 19t19 45z\"><\/path><\/svg><\/span><\/a>\n                          <\/div>\n                          <div data-colibri-id=\"425-c24\" class=\"h-global-transition-all h-heading style-614 style-local-425-c24 position-relative h-element\">\n                            <!---->\n                            <div class=\"h-heading__outer style-614 style-local-425-c24\">\n                              <!---->\n                              <!---->\n                              <h5 class=\"\">Conseil<\/h5>\n                            <\/div>\n                          <\/div>\n                          <div data-colibri-id=\"425-c25\" class=\"h-text h-text-component style-615 style-local-425-c25 position-relative h-element\">\n                            <!---->\n                            <!---->\n                            <div class=\"\">\n                              <p>B\u00e9n\u00e9ficiez des conseils de nos consultants disponibles sur demande sans surco\u00fbt<\/p>\n                            <\/div>\n                          <\/div>\n                        <\/div>\n                      <\/div>\n                    <\/div>\n                    <div class=\"h-column h-column-container d-flex h-col-lg-6 h-col-md-6 h-col-12 style-612-outer style-local-425-c26-outer\">\n                      <div data-colibri-id=\"425-c26\" class=\"d-flex h-flex-basis h-column__inner h-px-lg-0 h-px-md-0 h-px-0 v-inner-lg-0 v-inner-md-0 v-inner-0 style-612 style-local-425-c26 position-relative\">\n                        <!---->\n                        <!---->\n                        <div class=\"w-100 h-y-container h-column__content h-column__v-align flex-basis-100 align-self-lg-start align-self-md-start align-self-start\">\n                          <!---->\n                          <div data-colibri-id=\"425-c27\" class=\"h-icon style-613 style-local-425-c27 position-relative h-element\">\n                            <!---->\n                            <a href=\"https:\/\/www.microsoft.com\/fr-fr\/microsoft-365\/business\" h-use-smooth-scroll=\"true\"><span class=\"h-svg-icon h-icon__icon style-613-icon style-local-425-c27-icon\"><!--Icon by Icons8 Line Awesome (https:\/\/icons8.com\/line-awesome)--><svg version=\"1.1\" xmlns=\"http:\/\/www.w3.org\/2000\/svg\" xmlns:xlink=\"http:\/\/www.w3.org\/1999\/xlink\" id=\"thumbs-o-up\" viewBox=\"0 0 512 545.5\"><path d=\"M267 80h6.5c25.858 0 46.525 19.68 46.5 42.5 0 21.38-7.486 37.233-15 47.5-4.696 6.416-6.75 7.5-10 10l-3 12h92c30.214 0 53.334 28.463 47 58l-34.5 160c-4.73 22.034-24.458 38-47 38H80V192h73.5L262 84.5zm11.5 33.5L176 214.5V416h173.5c7.634 0 14.396-5.03 16-12.5l34-160c2.21-10.304-4.945-19.5-15.5-19.5H250.5l5-20 9.5-36 2-6.5 5.5-3s2.865-1.35 7-7 8.5-14.557 8.5-29c.006-4.922-2.76-7.692-9.5-9zM112 224v192h32V224h-32z\"><\/path><\/svg><\/span><\/a>\n                          <\/div>\n                          <div data-colibri-id=\"425-c28\" class=\"h-global-transition-all h-heading style-614 style-local-425-c28 position-relative h-element\">\n                            <!---->\n                            <div class=\"h-heading__outer style-614 style-local-425-c28\">\n                              <!---->\n                              <!---->\n                              <h5 class=\"\">Flexibilit\u00e9<\/h5>\n                            <\/div>\n                          <\/div>\n                          <div data-colibri-id=\"425-c29\" class=\"h-text h-text-component style-615 style-local-425-c29 position-relative h-element\">\n                            <!---->\n                            <!---->\n                            <div class=\"\">\n                              <p>Toutes nos offres sont sans engagement et disponible instantan\u00e9ment<\/p>\n                            <\/div>\n                          <\/div>\n                        <\/div>\n                      <\/div>\n                    <\/div>\n                  <\/div>\n                <\/div>\n              <\/div>\n            <\/div>\n          <\/div>\n        <\/div>\n      <\/div>\n    <\/div>\n  <\/div>\n<\/div>","protected":false},"excerpt":{"rendered":"<p>Et pourquoi pas&#8230; Un accompagnement de qualit\u00e9 D\u00e9couvrir nos solutions Support Un support illimit\u00e9 \u00e0 votre \u00e9coute et disponible du lundi au vendredi de 9h \u00e0 18h sans interruption. Formation Une plateforme de e-learning disponible 24\/24h et des formateurs inclus afin de d\u00e9velopper et d\u2019approfondir vos comp\u00e9tences Conseil B\u00e9n\u00e9ficiez des conseils de nos consultants disponibles [&hellip;]<\/p>\n","protected":false},"author":1,"featured_media":0,"parent":0,"menu_order":0,"comment_status":"closed","ping_status":"closed","template":"page-templates\/full-width-page.php","meta":{"advanced_seo_description":"","jetpack_seo_html_title":"","jetpack_seo_noindex":false,"footnotes":""},"class_list":["post-425","page","type-page","status-publish","hentry"],"jetpack_sharing_enabled":true,"_links":{"self":[{"href":"https:\/\/be365.fr\/index.php\/wp-json\/wp\/v2\/pages\/425","targetHints":{"allow":["GET"]}}],"collection":[{"href":"https:\/\/be365.fr\/index.php\/wp-json\/wp\/v2\/pages"}],"about":[{"href":"https:\/\/be365.fr\/index.php\/wp-json\/wp\/v2\/types\/page"}],"author":[{"embeddable":true,"href":"https:\/\/be365.fr\/index.php\/wp-json\/wp\/v2\/users\/1"}],"replies":[{"embeddable":true,"href":"https:\/\/be365.fr\/index.php\/wp-json\/wp\/v2\/comments?post=425"}],"version-history":[{"count":16,"href":"https:\/\/be365.fr\/index.php\/wp-json\/wp\/v2\/pages\/425\/revisions"}],"predecessor-version":[{"id":970,"href":"https:\/\/be365.fr\/index.php\/wp-json\/wp\/v2\/pages\/425\/revisions\/970"}],"wp:attachment":[{"href":"https:\/\/be365.fr\/index.php\/wp-json\/wp\/v2\/media?parent=425"}],"curies":[{"name":"wp","href":"https:\/\/api.w.org\/{rel}","templated":true}]}}